e 6.
101050503
What is 535222 (base 6) in base 11?
30010
Convert -15c76 (base 14) to base 8.
-152500
26b2749 (base 12) to base 5
3432310302
Convert -21043430 (base 5) to base 4.
-222230101
-1a2637 (base 15) to base 8
-4667661
What is c351 (base 13) in base 14?
9b61
Convert 36217 (base 13) to base 9.
161087
What is 170107 (base 9) in base 5?
11330224
101110010100010001000 (base 2) to base 16
172888
-3030132233 (base 4) to base 7
-10055561
Convert 12a4897 (base 11) to base 3.
11020010120122
-5430231 (base 6) to base 14
-6db2b
What is 654b2 (base 13) in base 11?
115690
-228487 (base 13) to base 10
-818071
Convert -21120022 (base 5) to base 3.
-22221210020
3cf00a (base 16) to base 3
21111220012111
What is -10001100001111010010000 (base 2) in base 16?
-461e90
What is -1320331 (base 5) in base 11?
-18877
What is 3125444 (base 7) in base 13?
1024a6
Convert -2543033 (base 6) to base 13.
-4aaab
What is -1161546 (base 9) in base 13?
-1912bc
What is -1416101 (base 9) in base 12?
-31673a
Convert -1544d1 (base 16) to base 15.
-1c7eed
Convert 45c085 (base 13) to base 15.
22a31a
756468 (base 12) to base 15
26a138
-79c6 (base 14) to base 15
-63eb
Convert -4103443 (base 5) to base 3.
-10100201000
Convert 14585c0 (base 13) to base 6.
350425135
324450 (base 6) to base 14
9b78
What is 3130012 (base 7) in base 5?
44030331
52303510 (base 6) to base 10
1517154
Convert 14003661 (base 7) to base 16.
13c491
What is 214142110 (base 5) in base 12?
388ab0
What is -3724735 (base 10) in base 6?
-211500051
Convert -1e18a7 (base 15) to base 5.
-334122312
-101002121100221 (base 3) to base 10
-5365708
-15422324 (base 6) to base 8
-2055214
Convert 3564206 (base 8) to base 6.
32535142
Convert 286123 (base 9) to base 13.
618b4
Convert 11212212220122 (base 3) to base 10.
2595905
What is -1000101110101100 (base 2) in base 10?
-35756
Convert -102000313 (base 4) to base 6.
-1325331
Convert -121202213022 (base 4) to base 8.
-31424712
Convert 202221101221 (base 3) to base 6.
12500124
What is 11010111010000011 (base 2) in base 15?
229c6
What is 955bb (base 12) in base 7?
1444541
Convert 35594 (base 15) to base 3.
22122012211
16320445 (base 7) to base 6
53545241
35c3a7 (base 13) to base 5
312034232
-112010202102 (base 3) to base 7
-2236241
Convert 1405241 (base 6) to base 15.
185c7
Convert -4301810 (base 9) to base 11.
-1334286
Convert -2023120043 (base 5) to base 7.
-46652336
What is 286417 (base 14) in base 15?
1c9d4a
27aa77 (base 11) to base 7
3506306
-1000000111010000111001101 (base 2) to base 4
-1000322013031
What is 10031033 (base 4) in base 16?
434f
-2937 (base 15) to base 5
-240302
What is 24130437 (base 8) in base 3?
100221200002010
What is -246a29 (base 12) in base 7?
-5015154
4a02050 (base 12) to base 11
816a89a
731dc (base 15) to base 14
96dc8
311321203 (base 5) to base 6
43205220
4b5c6c (base 13) to base 15
25c04b
What is -4345a (base 15) in base 14?
-57bbc
348a79 (base 12) to base 15
11a49c
Convert -136237 (base 9) to base 10.
-83302
What is -13432412 (base 5) in base 11?
-95a8a
1110041332 (base 5) to base 2
1001001111111100010000
-1170974 (base 10) to base 3
-2012111021102
Convert -1622d7 (base 14) to base 12.
-314185
What is 112121201101 (base 4) in base 7?
100623436
What is 32379 (base 10) in base 4?
13321323
Convert -404210414 (base 5) to base 16.
-18e6f0
Convert 11034 (base 6) to base 5.
22114
-215152521 (base 6) to base 15
-51bc04
-23134230 (base 5) to base 8
-627462
Convert -2232450 (base 7) to base 6.
-5534320
-4b223 (base 12) to base 14
-293ab
Convert -45742a (base 14) to base 4.
-21001000032
Convert 111012122 (base 5) to base 8.
1663647
What is -103110211 (base 4) in base 6?
-1410221
-102102201200 (base 3) to base 8
-667447
-14805 (base 11) to base 15
-630d
Convert -550700 (base 8) to base 10.
-184768
24f2b (base 16) to base 4
210330223
135544 (base 8) to base 12
23918
What is 6669645 (base 10) in base 9?
13485026
What is -222a53 (base 11) in base 10?
-355314
Convert -102200112102 (base 3) to base 14.
-5db84
-1011120010022 (base 3) to base 11
-394795
Convert 2303223001 (base 4) to base 8.
2635301
What is 1343753 (base 9) in base 4?
2310011202
What is 864c (base 13) in base 9?
27526
Convert 3387343 (base 10) to base 5.
1331343333
-110002000020212 (base 3) to base 13
-1438964
-201332003 (base 4) to base 2
-100001111110000011
Convert -2115430 (base 6) to base 14.
-29a9c
What is 964526 (base 15) in base 13?
1635924
What is -4376b0 (base 13) in base 7?
-16330651
Convert 1777a60 (base 15) to base 13.
3703311
3960a76 (base 13) to base 15
18a6db2
-10110011010001100110 (base 2) to base 10
-734310
Convert -13210 (base 5) to base 12.
-73b
-2204791 (base 12) to base 6
-350501101
Convert -6e38a (base 15) to base 4.
-1111320331
What is -a69c57 (base 13) in base 15?
-5225b4
10100210222 (base 3) to base 6
1230255
What is -20756 (base 14) in base 2?
-10011000111001000
What is -48a285 (base 11) in base 14?
-1625d7
Convert -6a335 (base 11) to base 8.
-306265
Convert 130462221 (base 7) to base 16.
7eeba7
What is -2778429 (base 11) in base 16?
-490001
What is 10302022031 (base 4) in base 16?
13228d
What is -90461 (base 12) in base 3?
-100111220001
20101023 (base 4) to base 13
12552
What is -499453 (base 11) in base 2?
-11000000100000001110
Convert -8963a (base 12) to base 15.
-3906a
Convert 5066531 (base 8) to base 15.
1b69c8
What is 171341 (base 11) in base 6?
5404045
What is d06 (base 15) in base 16?
b73
Convert 1111001011010111110 (base 2) to base 12.
1bb992
-2220020002010 (base 3) to base 8
-5677171
Convert -1133414 (base 6) to base 8.
-163362
What is -25bc9b (base 16) in base 15?
-33cb95
Convert 312656 (base 9) to base 13.
666ab
What is 13221204 (base 9) in base 8?
30651537
What is -21201202 (base 4) in base 14?
-10306
Convert 204328 (base 9) to base 14.
322b1
What is -1421313102 (base 5) in base 7?
-43301025
Convert -8d48d (base 14) to base 16.
-53f65
What is -738808 (base 9) in base 14?
-b625c
What is -52b87 (base 12) in base 16?
-1a917
3241253 (base 10) to base 11
1914224
-2603e (base 15) to base 10
-121559
What is 3368 (base 11) in base 7?
15626
10101001100000001101 (base 2) to base 7
5621104
Convert -3266089 (base 11) to base 8.
-25674552
Convert -3215456 (base 11) to base 12.
-1a8a802
What is 47a52 (base 15) in base 10?
228452
Convert -11001111110110000001 (base 2) to base 6.
-30125201
What is 1001001000111001110001 (base 2) in base 13?
65b614
What is -181dd (base 14) in base 4?
-32311113
-10111100110101011 (base 2) to base 14
-2733d
3667763 (base 9) to base 14
39c7dc
112ad (base 14) to base 9
63178
What is -26b77 (base 13) in base 12?
-35999
Convert -13909 (base 10) to base 14.
-50d7
Convert -2305eb (base 15) to base 5.
-412000341
What is -110000011100110 (base 2) in base 12?
-12432
Convert 56306 (base 15) to base 8.
1027210
10011120022 (base 3) to base 13
22514
Convert 1300342 (base 6) to base 11.
48754
-3a6418 (base 13) to base 3
-2122210202222
3674c (base 14) to base 3
20202122120
751270 (base 13) to base 4
22132002202
Convert 2337263 (base 10) to base 3.
11101202010022
What is -8835706 (base 10) in base 16?
-86d27a
-151226 (base 7) to base 15
-8a18
What is c3a5a (base 15) in base 9?
1144374
Convert -1739a2 (base 12) to base 14.
-a5db4
What is -47b619 (base 12) in base 16?
-11b4b5
Convert 345741 (base 8) to base 13.
41781
Convert 1210221000 (base 3) to base 13.
13308
Convert -101011010001101001 (base 2) to base 15.
-377c2
What is -40719 (base 13) in base 4?
-130023321
What is a44c88 (base 13) in base 12?
135115a
What is -3572562 (base 9) in base 3?
-10122102122002
What is 736008 (base 9) in base 8?
1526240
What is 2211023032 (base 4) in base 13?
1a8c3c
Convert 121134300 (base 6) to base 10.
2298780
Convert -1625341 (base 7) to base 8.
-667640
Convert -100110101100001010101100 (base 2) to base 13.
-2141611
Convert -1021222021011 (base 3) to base 6.
-22430521
What is 21102202102 (base 3) in base 7?
1146452
108fd (base 16) to base 6
1242021
What is 1103415 (base 8) in base 11?
192a23
What is -7605618 (base 9) in base 4?
-33203233001
What is 2220313 (base 7) in base 13?
97870
-dcee0 (base 16) to base 2
-11011100111011100000
What is 20022302 (base 4) in base 15?
9da8
Convert -10001100000011001 (base 2) to base 11.
-49967
What is -10333320 (base 4) in base 10?
-20472
Conv